Let k = -13 + 15. Suppose 4*m + j + 179 = k*j, 0 = 4*m - 2*j + 178. What are the prime factors of (4/(-6))/(2/m)?
3, 5
Let n(q) = 2*q - 2. Let v be n(3). Let m(s) = s + 2. Let p be m(1). Suppose 4*h + v*b = 36, -2*h + 64 = 2*h - p*b. List the prime factors of h.
13
Let p(z) = -z**3 + 7*z**2 - 18. Let c be p(6). List the prime factors of ((-6)/c)/((-2)/942).
157
Let h = -2 - -17. Let n = h + 300. Suppose -n = -6*x + x. List the prime factors of x.
3, 7
Suppose -3*u = u + 8. Let g be u/(2/(-2)) - -2. Suppose 0 = 4*p - g - 12. What are the prime factors of p?
2
Let c = 10 + -7. Suppose -244 = -r - c*r. Suppose 4*n = 39 + r. What are the prime factors of n?
5
Let a = 633 - 94. What are the prime factors of a?
7, 11
Suppose 2*o - 8 = 0, -13*z = -14*z - 2*o + 20. List the prime factors of z.
2, 3
Suppose -4*n = -a + 23, -2*n - 5 = -n. Let z = 323 - 320. Suppose -z*i + 216 = 5*j, -5*j = -a*j + 5*i - 94. List the prime factors of j.
2, 3, 7
Let m(i) = -8*i - 2. Let k be m(-8). Suppose -k*o + 163 = -61*o. What are the prime factors of o?
163
Let z = 5 - 1. Suppose z*h - 46 - 2 = 0. Let n(p) = 6*p - 16. List the prime factors of n(h).
2, 7
Suppose 96*t - 9710 = 86*t. List the prime factors of t.
971
Let c(z) = z**3 + 5*z**2 - 2*z - 5. Let s be c(-5). Let u(k) be the third derivative of k**5/60 + k**4/8 + 3*k**3/2 - 45*k**2. List the prime factors of u(s).
7
What are the prime factors of (1 + 178/(-10))/((-207)/4830)?
2, 7
Suppose -s = -1 + 7. Let t be 40/(3 + 276/(-90)). What are the prime factors of ((-4)/s)/((-8)/t)?
2, 5
Suppose -56*y + 4874 + 64566 = 0. What are the prime factors of y?
2, 5, 31
Suppose 130*c - 3388 = 126*c. List the prime factors of c.
7, 11
Suppose 0 = 11*l + 166 + 76. List the prime factors of (-1)/((l/6 + 3)/62).
3, 31
Suppose -1076*o = -1069*o - 2849. What are the prime factors of o?
11, 37
Suppose 4*x = -3*q - 20, -3*q = -4*x - 6 - 14. Suppose -3*a = 4*f - 209, 5*f - a - 285 = -q*f. What are the prime factors of f?
2, 7
Let l(o) = -18*o - 5. Let u be l(-3). Suppose -5*m + 11 = -u. What are the prime factors of m?
2, 3
Suppose -3 = -4*i + 13. Let t = -2 + i. Suppose 0 = -3*o + o + t, o = -2*m + 41. List the prime factors of m.
2, 5
Let v be 3/9*((1 - 0) + 44). What are the prime factors of v/2 - (-4)/16*6?
3
Let m be 0/(0 + -1 + 2). Suppose m = 6*a - 937 + 229. List the prime factors of a.
2, 59
Suppose 0 = x + 3*v - 1462, 2*v = 4*x - 2*v - 5816. List the prime factors of x.
2, 7, 13
Let r = -6 - -129. What are the prime factors of r?
3, 41
Let u(v) = v**2 + 2*v + 8. Let z be u(-4). Suppose -14*k = -z*k. Suppose k = 2*x - 2*s - 100, x + 2*s + 202 = 5*x. What are the prime factors of x?
3, 17
Suppose -q = 4*q - 4*c - 52, 29 = 4*q + c. Let a = q - -8. Suppose -t = -a - 0. What are the prime factors of t?
2
Let o(n) = 6*n**2 - 32*n - 151. List the prime factors of o(30).
4289
Let r(y) = 60*y**2 - 2 + 1 + 6*y - y. List the prime factors of r(1).
2
Let r(d) = -18*d - 6. Let l be 2/(-16) - 78/16. List the prime factors of r(l).
2, 3, 7
Suppose 0 = -5*f + z + 12, -8 = -5*f - 0*z - z. Suppose -m + f*c = -69, 3*m - 182 = -4*c + 5*c. What are the prime factors of m?
59
Let c = 837 + 1813. List the prime factors of c.
2, 5, 53
Suppose -5*f = -2*v + 10, -4*v - 4*f = 4 + 4. Suppose v*x = 2*x - 72. What are the prime factors of x?
2, 3
Suppose -77*z + 71*z = -1512. What are the prime factors of z?
2, 3, 7
Let i = -36 + 38. Let y = i + 61. List the prime factors of y.
3, 7
Let w(f) = -2*f**2 + 12*f + 3. Let q(b) = 2*b**2 - 12*b - 2. Let j(u) = -4*q(u) - 3*w(u). Let i be j(9). Let c = i + 78. List the prime factors of c.
23
Suppose 11*p - 3717 - 1123 = 0. List the prime factors of p.
2, 5, 11
Suppose 11 = 6*q - 1. Suppose -420 = -8*a + q*a. What are the prime factors of a?
2, 5, 7
Suppose 3*t - 4*z = 4, 4*z = -3*t - 2*t - 4. Suppose t*d = -2*d + 30. Let v(u) = 3*u - 16. List the prime factors of v(d).
29
List the prime factors of (-2)/7 - (-10265)/35.
293
Suppose d + 4*x = 661, -x = -d - 0*d + 641. List the prime factors of d.
3, 5, 43
Let f(q) = -24 + 42*q**2 + 6*q + 0*q + 30 + 3*q**2. List the prime factors of f(-2).
2, 3, 29
Let m be -2 - 3*4/(-4) - -8. Let x(c) = 2*c**2 - 9. What are the prime factors of x(m)?
3, 17
Suppose 4*m = -155 + 3507. What are the prime factors of m?
2, 419
What are the prime factors of 2826*-6*1/(-18)?
2, 3, 157
What are the prime factors of (132 + -58)*19/2?
19, 37
Let o(z) = 11*z + 2. Let u(y) = 6*y + 1. Let d(l) = -4*o(l) + 7*u(l). Let h = -11 + 6. List the prime factors of d(h).
3
Suppose 11*r = 13*r + 300. Let b = 98 - r. What are the prime factors of b?
2, 31
Let c = 12 + -8. Suppose 5*q + c*u = 58 + 87, 2*q - 3*u = 58. List the prime factors of q.
29
Suppose 13 = 3*t - 2*d, 2*d = -2*t + 5 + 7. Suppose 4*v + g = -1, 3*g = t*v + g - 2. Suppose v*j - 4*j = -68. What are the prime factors of j?
17
Suppose 0 = g - 98 - 234. List the prime factors of g.
2, 83
Let h(d) = -d**2 + 11*d + 11. Let c be h(8). Suppose -41*s + c*s = -726. List the prime factors of s.
11
Let t be (-5 - -3)/((-4)/234). Let i = 164 - t. List the prime factors of i.
47
Let x(f) = 49*f + 121. What are the prime factors of x(10)?
13, 47
Suppose 214 = 2*n + n - 4*x, 2*n - 144 = 3*x. Suppose -5*l - 2*m + 169 = -3*m, n = 2*l - 2*m. What are the prime factors of l?
2, 17
Suppose 0 = -w + 4*f - 5*f + 3827, -2*w = 5*f - 7669. List the prime factors of w.
2, 3, 7, 13
Let d = 53 + -49. Let n = 1 + 1. Suppose n*m + 36 = d*m. List the prime factors of m.
2, 3
Let b(k) = -13 - 2 + 22*k - 7 - 9. List the prime factors of b(9).
167
Let h(x) = -12*x - 40. What are the prime factors of h(-4)?
2
Let j(y) = -10*y**3 + 4*y**2 + 3*y + 8. What are the prime factors of j(-3)?
5, 61
Suppose 10*w - 10 = -0*w. What are the prime factors of (w/(-3))/(0 + 5/(-135))?
3
Suppose 6*i + 4*j = 5*i + 390, 0 = -i + 2*j + 360. What are the prime factors of i?
2, 5, 37
Suppose -30 = -4*f - 14. Suppose -327 = -f*s + s. List the prime factors of s.
109
Let p(w) = 3*w + 28. Let a be p(-10). Let k = 10 + -16. What are the prime factors of 1 - -1 - (k + a)?
2, 5
Let n be (-3)/(11/(-2) + 4). Let k be ((-27)/36)/(n/8). List the prime factors of (-2)/(-6) + (-86)/k.
29
What are the prime factors of ((-4056)/(-6) - -2) + -3?
3, 5
Let q(n) = n**3 + 7*n**2 - n + 3. Let x be q(-6). What are the prime factors of (-25)/x*-3*(26 - -1)?
3, 5
Let b = -13 + 28. Suppose z = -4*z + b. Suppose -5*i - 2*p = -18, -z*i + 11 + 3 = -2*p. What are the prime factors of i?
2
Let p(h) = 14*h**2 - 6*h + 26. List the prime factors of p(5).
2, 173
Let m be (-2456)/(-48) + 2/(-12). Let o = m + -17. List the prime factors of o.
2, 17
Suppose v + 5*i = 468, 2*v + 3*i + 123 = 1024. What are the prime factors of v?
443
Suppose -5*r - 5*n = -2*n - 2455, 0 = -n - 5. List the prime factors of r.
2, 13, 19
Suppose 2*w + 2*w = 4. Let q be 0 - w - (-1 - 1). What are the prime factors of ((-19)/19)/(q/(-13))?
13
Suppose 0 = 70*x - 53*x - 7259. List the prime factors of x.
7, 61
Let b = -135 + 133. Let h = 17 + b. List the prime factors of h.
3, 5
Let q(y) = 3*y**3 - 6*y**2 - 6*y + 16. What are the prime factors of q(7)?
709
Suppose 19 = 5*j - 6. Suppose 3*m - 2*m - 3 = -3*l, 65 = 5*m + j*l. What are the prime factors of m?
2, 3
Suppose 27*v + 11160 = 37*v. What are the prime factors of v?
2, 3, 31
Suppose 5*j + 2 - 12 = 0. Suppose 0 = -w - j*w + 33. What are the prime factors of w?
11
Let b(h) = 2*h**2 - 3*h + 1. Let n(m) = 3*m**2 - 3*m + 2. Let q(g) = 4*b(g) - 3*n(g). Let o be q(-2). Let a(k) = -k + 7. List the prime factors of a(o).
7
Suppose -5*l + 0*h - 5*h - 60 = 0, 0 = 5*l - h + 48. Let p be (5 - 8)/(6/l). Suppose -j = -s - 31, 95 = -2*j + p*j - 5*s. List the prime factors of j.
2, 3, 5
Let x(l) = -209*l - 1. Let i(j) = 104*j + 1. Let b(a) = 5*i(a) + 3*x(a). List the prime factors of b(-1).
109
Let r = 1840 - -1072. Suppose 19*l - 6*l = r. List the prime factors of l.
2, 7
Suppose -5*s + u = -665, -239 = -2*s - 3*u - 2*u. Let g = s + -79. List the prime factors of g.
53
Let w(u) = 9*u + 38. Let q(k) = -14*k - 57. Let z(h) = 5*q(h) + 8*w(h). Let a be ((-8 + 8)/(-9))/6. List the prime factors of z(a).
19
What are the prime factors of ((-25)/2 - -1)/((-1)/8)?
2, 23
List the prime factors of (-306)/3*92/(-12).
2, 17,